{"id":162214,"date":"2023-12-12T19:57:49","date_gmt":"2023-12-12T18:57:49","guid":{"rendered":"https:\/\/aqshf.gov.al\/photograph\/a-boy-and-a-girl-56\/"},"modified":"2023-12-12T19:57:49","modified_gmt":"2023-12-12T18:57:49","slug":"a-boy-and-a-girl-56","status":"publish","type":"photograph","link":"https:\/\/aqshf.gov.al\/en\/photograph\/a-boy-and-a-girl-56\/","title":{"rendered":"A boy and a girl"},"content":{"rendered":"<link rel=\"stylesheet\" type=\"text\/css\" href=\"https:\/\/aqshf.gov.al\/wp-content\/themes\/loquet\/includes\/assets\/css\/photographs-table.css\" \/>\r\n\r\n\r\n\r\n\r\n\t<div class=\"wp-block-columns is-layout-flex wp-container-core-columns-is-layout-9d6595d7 wp-block-columns-is-layout-flex\">\r\n\t\t\r\n\t\t\t<div class=\"wp-block-column is-layout-flow wp-block-column-is-layout-flow\" style=\"flex-basis:40%\">\r\n\t\t\t\t\r\n\t\t\t\t\t<a class=\"fwdrel\" href=\"https:\/\/aqshf.gov.al\/wp-content\/uploads\/photographs_feature_film\/w2\/aqshf_i3_0220_btsn003.f.w.jpg\" data-title=\"A boy and a girl\" data-alt=\"Original behind the scenes photo negative taken for the Albanian fiction feature film \"Nj\u00eb djal\u00eb dhe nje vajz\u00eb\". Directed by filmmakers Kristaq Mitro dhe Ibrahim Mu\u00e7aj this colour film speaks about Artan who is a teenager in high school and starts hanging out with a toxic woman, older than him. After that the school misunderstands him with Anila who is just his friend.\">\r\n\t\t\t\t\t\t<img decoding=\"async\" src=\"https:\/\/aqshf.gov.al\/wp-content\/uploads\/photographs_feature_film\/w2\/aqshf_i3_0220_btsn003.f.w.jpg\" \/>\r\n\t\t\t\t\t<\/a>\r\n\t\t\t\t\r\n\t\t\t\t\r\n\t\t\t\t\r\n\t\t\t\t\t<p class=\"has-text-align-center\"><em>Click photo to enlarge.<\/em><\/p>\r\n\t\t\t\t\r\n\t\t\t<\/div>\r\n\t\t\r\n\r\n\t\t\r\n\t\t\t<div class=\"wp-block-column is-layout-flow wp-block-column-is-layout-flow\" style=\"flex-basis:60%\">\r\n\t\t\t\t\r\n\t\t\t\t\t<figure class=\"wp-block-table\">\r\n\t\t\t\t\t\t<table id=\"photograhps_metadata\" class=\"has-fixed-layout\">\r\n\t\t\t\t\t\t\t<tbody>\r\n\t\t\t\t\t\t\t\t<tr>\r\n\t\t\t\t\t\t\t\t\t<td class=\"has-text-align-right\" data-align=\"right\"><strong>Reference Code<\/strong><\/td>\r\n\t\t\t\t\t\t\t\t\t<td>aqshf_i3_0220_btsn003<\/td>\r\n\t\t\t\t\t\t\t\t<\/tr>\r\n\t\t\t\t\t\t\t\t<tr>\r\n\t\t\t\t\t\t\t\t\t<td class=\"has-text-align-right\" data-align=\"right\"><strong>Title<\/strong><\/td>\r\n\t\t\t\t\t\t\t\t\t<td>A boy and a girl<\/td>\r\n\t\t\t\t\t\t\t\t<\/tr>\r\n\t\t\t\t\t\t\t\t<tr>\r\n\t\t\t\t\t\t\t\t\t<td class=\"has-text-align-right\" data-align=\"right\"><strong>Author<\/strong><\/td>\r\n\t\t\t\t\t\t\t\t\t<td>Kinostudio \u00abShqip\u00ebria e Re\u00bb<\/td>\r\n\t\t\t\t\t\t\t\t<\/tr>\r\n\t\t\t\t\t\t\t\t<tr>\r\n\t\t\t\t\t\t\t\t\t<td class=\"has-text-align-right\" data-align=\"right\"><strong>Year<\/strong><\/td>\r\n\t\t\t\t\t\t\t\t\t<td>1990<\/td>\r\n\t\t\t\t\t\t\t\t<\/tr>\r\n\t\t\t\t\t\t\t\t<tr>\r\n\t\t\t\t\t\t\t\t\t<td class=\"has-text-align-right\" data-align=\"right\"><strong>Category<\/strong><\/td>\r\n\t\t\t\t\t\t\t\t\t<td>Negative Photography<\/td>\r\n\t\t\t\t\t\t\t\t<\/tr>\r\n\t\t\t\t\t\t\t\t<tr>\r\n\t\t\t\t\t\t\t\t\t<td class=\"has-text-align-right\" data-align=\"right\"><strong>Chroma<\/strong><\/td>\r\n\t\t\t\t\t\t\t\t\t<td>n\/a<\/td>\r\n\t\t\t\t\t\t\t\t<\/tr>\r\n\t\t\t\t\t\t\t\t<tr>\r\n\t\t\t\t\t\t\t\t\t<td class=\"has-text-align-right\" data-align=\"right\"><strong>Size (centimeters)<\/strong><\/td>\r\n\t\t\t\t\t\t\t\t\t<td>6 x 6<\/td>\r\n\t\t\t\t\t\t\t\t<\/tr>\r\n\t\t\t\t\t\t\t\t<tr>\r\n\t\t\t\t\t\t\t\t\t<td class=\"has-text-align-right\" data-align=\"right\"><strong>Abstract<\/strong><\/td>\r\n\t\t\t\t\t\t\t\t\t<td>Original behind the scenes photo negative taken for the Albanian fiction feature film &#8220;Nj\u00eb djal\u00eb dhe nje vajz\u00eb&#8221;. Directed by filmmakers Kristaq Mitro dhe Ibrahim Mu\u00e7aj this colour film speaks about Artan who is a teenager in high school and starts hanging out with a toxic woman, older than him. After that the school misunderstands him with Anila who is just his friend.<\/td>\r\n\t\t\t\t\t\t\t\t<\/tr>\r\n\t\t\t\t\t\t\t\t<tr>\r\n\t\t\t\t\t\t\t\t\t<td class=\"has-text-align-right\" data-align=\"right\"><strong>Notes<\/strong><\/td>\r\n\t\t\t\t\t\t\t\t\t<td>One negative in good condition.<\/td>\r\n\t\t\t\t\t\t\t\t<\/tr>\r\n\t\t\t\t\t\t\t\t<tr>\r\n\t\t\t\t\t\t\t\t\t<td class=\"has-text-align-right\" data-align=\"right\"><strong>&copy; Copyright<\/strong><\/td>\r\n\t\t\t\t\t\t\t\t\t<td>Arkivi Qendror Shtet\u00ebror i Filmit<\/td>\r\n\t\t\t\t\t\t\t\t<\/tr>\r\n\t\t\t\t\t\t\t<\/tbody>\r\n\t\t\t\t\t\t<\/table>\r\n\t\t\t\t\t<\/figure>\r\n\t\t\t\t\r\n\t\t\t<\/div>\r\n\t\t\r\n\t<\/div>\r\n","protected":false},"excerpt":{"rendered":"<p>Click photo to enlarge. Reference Code aqshf_i3_0220_btsn003 Title A boy and a girl Author Kinostudio \u00abShqip\u00ebria e Re\u00bb Year 1990 Category Negative Photography Chroma n\/a&#8230;<\/p>\n","protected":false},"author":1,"featured_media":153249,"comment_status":"closed","ping_status":"open","template":"","meta":{"_jet_sm_ready_style":"","_jet_sm_style":"","_jet_sm_controls_values":"","_jet_sm_fonts_collection":"","_jet_sm_fonts_links":"","cybocfi_hide_featured_image":"","footnotes":""},"photograph-category":[2198],"photograph-chroma":[],"photograph-year":[813],"photograph-author":[1282],"photograph-tag":[],"photograph-id":[25946],"photograph-reference":[],"photograph-size":[10247],"photograph-abstract":[],"photograph-note":[],"photograph-subject":[],"photograph-epoch":[],"class_list":["post-162214","photograph","type-photograph","status-publish","has-post-thumbnail","hentry","photograph-category-negative-photography","photograph-year-813","photograph-author-kinostudio-shqiperia-e-re","photograph-id-aqshf_i3_0220_btsn003","photograph-size-6-x-6"],"_links":{"self":[{"href":"https:\/\/aqshf.gov.al\/en\/wp-json\/wp\/v2\/photograph\/162214","targetHints":{"allow":["GET"]}}],"collection":[{"href":"https:\/\/aqshf.gov.al\/en\/wp-json\/wp\/v2\/photograph"}],"about":[{"href":"https:\/\/aqshf.gov.al\/en\/wp-json\/wp\/v2\/types\/photograph"}],"author":[{"embeddable":true,"href":"https:\/\/aqshf.gov.al\/en\/wp-json\/wp\/v2\/users\/1"}],"replies":[{"embeddable":true,"href":"https:\/\/aqshf.gov.al\/en\/wp-json\/wp\/v2\/comments?post=162214"}],"version-history":[{"count":0,"href":"https:\/\/aqshf.gov.al\/en\/wp-json\/wp\/v2\/photograph\/162214\/revisions"}],"wp:featuredmedia":[{"embeddable":true,"href":"https:\/\/aqshf.gov.al\/en\/wp-json\/wp\/v2\/media\/153249"}],"wp:attachment":[{"href":"https:\/\/aqshf.gov.al\/en\/wp-json\/wp\/v2\/media?parent=162214"}],"wp:term":[{"taxonomy":"photograph-category","embeddable":true,"href":"https:\/\/aqshf.gov.al\/en\/wp-json\/wp\/v2\/photograph-category?post=162214"},{"taxonomy":"photograph-chroma","embeddable":true,"href":"https:\/\/aqshf.gov.al\/en\/wp-json\/wp\/v2\/photograph-chroma?post=162214"},{"taxonomy":"photograph-year","embeddable":true,"href":"https:\/\/aqshf.gov.al\/en\/wp-json\/wp\/v2\/photograph-year?post=162214"},{"taxonomy":"photograph-author","embeddable":true,"href":"https:\/\/aqshf.gov.al\/en\/wp-json\/wp\/v2\/photograph-author?post=162214"},{"taxonomy":"photograph-tag","embeddable":true,"href":"https:\/\/aqshf.gov.al\/en\/wp-json\/wp\/v2\/photograph-tag?post=162214"},{"taxonomy":"photograph-id","embeddable":true,"href":"https:\/\/aqshf.gov.al\/en\/wp-json\/wp\/v2\/photograph-id?post=162214"},{"taxonomy":"photograph-reference","embeddable":true,"href":"https:\/\/aqshf.gov.al\/en\/wp-json\/wp\/v2\/photograph-reference?post=162214"},{"taxonomy":"photograph-size","embeddable":true,"href":"https:\/\/aqshf.gov.al\/en\/wp-json\/wp\/v2\/photograph-size?post=162214"},{"taxonomy":"photograph-abstract","embeddable":true,"href":"https:\/\/aqshf.gov.al\/en\/wp-json\/wp\/v2\/photograph-abstract?post=162214"},{"taxonomy":"photograph-note","embeddable":true,"href":"https:\/\/aqshf.gov.al\/en\/wp-json\/wp\/v2\/photograph-note?post=162214"},{"taxonomy":"photograph-subject","embeddable":true,"href":"https:\/\/aqshf.gov.al\/en\/wp-json\/wp\/v2\/photograph-subject?post=162214"},{"taxonomy":"photograph-epoch","embeddable":true,"href":"https:\/\/aqshf.gov.al\/en\/wp-json\/wp\/v2\/photograph-epoch?post=162214"}],"curies":[{"name":"wp","href":"https:\/\/api.w.org\/{rel}","templated":true}]}}

<link rel="stylesheet" type="text/css" href="https://aqshf.gov.al/wp-content/themes/loquet/includes/assets/css/photographs-table.css" />




	<div class="wp-block-columns is-layout-flex wp-container-core-columns-is-layout-9d6595d7 wp-block-columns-is-layout-flex">
		
			<div class="wp-block-column is-layout-flow wp-block-column-is-layout-flow" style="flex-basis:40%">
				
					<a class="fwdrel" href="https://aqshf.gov.al/wp-content/uploads/photographs_feature_film/w2/aqshf_i3_0220_btsn003.f.w.jpg" data-title="A boy and a girl" data-alt="Original behind the scenes photo negative taken for the Albanian fiction feature film "Një djalë dhe nje vajzë". Directed by filmmakers Kristaq Mitro dhe Ibrahim Muçaj this colour film speaks about Artan who is a teenager in high school and starts hanging out with a toxic woman, older than him. After that the school misunderstands him with Anila who is just his friend.">
						<img decoding="async" src="https://aqshf.gov.al/wp-content/uploads/photographs_feature_film/w2/aqshf_i3_0220_btsn003.f.w.jpg" />
					</a>
				
				
				
					<p class="has-text-align-center"><em>Click photo to enlarge.</em></p>
				
			</div>
		

		
			<div class="wp-block-column is-layout-flow wp-block-column-is-layout-flow" style="flex-basis:60%">
				
					<figure class="wp-block-table">
						<table id="photograhps_metadata" class="has-fixed-layout">
							<tbody>
								<tr>
									<td class="has-text-align-right" data-align="right"><strong>Reference Code</strong></td>
									<td>aqshf_i3_0220_btsn003</td>
								</tr>
								<tr>
									<td class="has-text-align-right" data-align="right"><strong>Title</strong></td>
									<td>A boy and a girl</td>
								</tr>
								<tr>
									<td class="has-text-align-right" data-align="right"><strong>Author</strong></td>
									<td>Kinostudio «Shqipëria e Re»</td>
								</tr>
								<tr>
									<td class="has-text-align-right" data-align="right"><strong>Year</strong></td>
									<td>1990</td>
								</tr>
								<tr>
									<td class="has-text-align-right" data-align="right"><strong>Category</strong></td>
									<td>Negative Photography</td>
								</tr>
								<tr>
									<td class="has-text-align-right" data-align="right"><strong>Chroma</strong></td>
									<td>n/a</td>
								</tr>
								<tr>
									<td class="has-text-align-right" data-align="right"><strong>Size (centimeters)</strong></td>
									<td>6 x 6</td>
								</tr>
								<tr>
									<td class="has-text-align-right" data-align="right"><strong>Abstract</strong></td>
									<td>Original behind the scenes photo negative taken for the Albanian fiction feature film &#8220;Një djalë dhe nje vajzë&#8221;. Directed by filmmakers Kristaq Mitro dhe Ibrahim Muçaj this colour film speaks about Artan who is a teenager in high school and starts hanging out with a toxic woman, older than him. After that the school misunderstands him with Anila who is just his friend.</td>
								</tr>
								<tr>
									<td class="has-text-align-right" data-align="right"><strong>Notes</strong></td>
									<td>One negative in good condition.</td>
								</tr>
								<tr>
									<td class="has-text-align-right" data-align="right"><strong>&copy; Copyright</strong></td>
									<td>Arkivi Qendror Shtetëror i Filmit</td>
								</tr>
							</tbody>
						</table>
					</figure>
				
			</div>
		
	</div>

<p>Click photo to enlarge. Reference Code aqshf_i3_0220_btsn003 Title A boy and a girl Author Kinostudio «Shqipëria e Re» Year 1990 Category Negative Photography Chroma n/a&#8230;</p>
