{"id":158612,"date":"2023-12-11T22:40:17","date_gmt":"2023-12-11T21:40:17","guid":{"rendered":"https:\/\/aqshf.gov.al\/photograph\/to-die-standing-41\/"},"modified":"2023-12-11T22:40:17","modified_gmt":"2023-12-11T21:40:17","slug":"to-die-standing-41","status":"publish","type":"photograph","link":"https:\/\/aqshf.gov.al\/en\/photograph\/to-die-standing-41\/","title":{"rendered":"To Die Standing"},"content":{"rendered":"<link rel=\"stylesheet\" type=\"text\/css\" href=\"https:\/\/aqshf.gov.al\/wp-content\/themes\/loquet\/includes\/assets\/css\/photographs-table.css\" \/>\r\n\r\n\r\n\r\n\r\n\t<div class=\"wp-block-columns is-layout-flex wp-container-core-columns-is-layout-9d6595d7 wp-block-columns-is-layout-flex\">\r\n\t\t\r\n\t\t\t<div class=\"wp-block-column is-layout-flow wp-block-column-is-layout-flow\" style=\"flex-basis:40%\">\r\n\t\t\t\t\r\n\t\t\t\t\t<a class=\"fwdrel\" href=\"https:\/\/aqshf.gov.al\/wp-content\/uploads\/photographs_feature_film\/w2\/aqshf_i3_0145_phn041.f.w.jpg\" data-title=\"To Die Standing\" data-alt=\"Original photo negative taken for the Albanian fiction feature film \"Kush Vdes N\u00eb K\u00ebmb\u00eb\". Director Vladimir Prifti's color drama tells the true life story of the Albanian writer and scholar who defied the occupying Ottoman Turks in his teaching and promotion of the Albanian language.\">\r\n\t\t\t\t\t\t<img decoding=\"async\" src=\"https:\/\/aqshf.gov.al\/wp-content\/uploads\/photographs_feature_film\/w2\/aqshf_i3_0145_phn041.f.w.jpg\" \/>\r\n\t\t\t\t\t<\/a>\r\n\t\t\t\t\r\n\t\t\t\t\r\n\t\t\t\t\r\n\t\t\t\t\t<p class=\"has-text-align-center\"><em>Click photo to enlarge.<\/em><\/p>\r\n\t\t\t\t\r\n\t\t\t<\/div>\r\n\t\t\r\n\r\n\t\t\r\n\t\t\t<div class=\"wp-block-column is-layout-flow wp-block-column-is-layout-flow\" style=\"flex-basis:60%\">\r\n\t\t\t\t\r\n\t\t\t\t\t<figure class=\"wp-block-table\">\r\n\t\t\t\t\t\t<table id=\"photograhps_metadata\" class=\"has-fixed-layout\">\r\n\t\t\t\t\t\t\t<tbody>\r\n\t\t\t\t\t\t\t\t<tr>\r\n\t\t\t\t\t\t\t\t\t<td class=\"has-text-align-right\" data-align=\"right\"><strong>Reference Code<\/strong><\/td>\r\n\t\t\t\t\t\t\t\t\t<td>aqshf_i3_0145_phn041<\/td>\r\n\t\t\t\t\t\t\t\t<\/tr>\r\n\t\t\t\t\t\t\t\t<tr>\r\n\t\t\t\t\t\t\t\t\t<td class=\"has-text-align-right\" data-align=\"right\"><strong>Title<\/strong><\/td>\r\n\t\t\t\t\t\t\t\t\t<td>To Die Standing<\/td>\r\n\t\t\t\t\t\t\t\t<\/tr>\r\n\t\t\t\t\t\t\t\t<tr>\r\n\t\t\t\t\t\t\t\t\t<td class=\"has-text-align-right\" data-align=\"right\"><strong>Author<\/strong><\/td>\r\n\t\t\t\t\t\t\t\t\t<td>Kinostudio \u00abShqip\u00ebria e Re\u00bb<\/td>\r\n\t\t\t\t\t\t\t\t<\/tr>\r\n\t\t\t\t\t\t\t\t<tr>\r\n\t\t\t\t\t\t\t\t\t<td class=\"has-text-align-right\" data-align=\"right\"><strong>Year<\/strong><\/td>\r\n\t\t\t\t\t\t\t\t\t<td>1984<\/td>\r\n\t\t\t\t\t\t\t\t<\/tr>\r\n\t\t\t\t\t\t\t\t<tr>\r\n\t\t\t\t\t\t\t\t\t<td class=\"has-text-align-right\" data-align=\"right\"><strong>Category<\/strong><\/td>\r\n\t\t\t\t\t\t\t\t\t<td>Negative Photography<\/td>\r\n\t\t\t\t\t\t\t\t<\/tr>\r\n\t\t\t\t\t\t\t\t<tr>\r\n\t\t\t\t\t\t\t\t\t<td class=\"has-text-align-right\" data-align=\"right\"><strong>Chroma<\/strong><\/td>\r\n\t\t\t\t\t\t\t\t\t<td>n\/a<\/td>\r\n\t\t\t\t\t\t\t\t<\/tr>\r\n\t\t\t\t\t\t\t\t<tr>\r\n\t\t\t\t\t\t\t\t\t<td class=\"has-text-align-right\" data-align=\"right\"><strong>Size (centimeters)<\/strong><\/td>\r\n\t\t\t\t\t\t\t\t\t<td>3.5 x 3.5<\/td>\r\n\t\t\t\t\t\t\t\t<\/tr>\r\n\t\t\t\t\t\t\t\t<tr>\r\n\t\t\t\t\t\t\t\t\t<td class=\"has-text-align-right\" data-align=\"right\"><strong>Abstract<\/strong><\/td>\r\n\t\t\t\t\t\t\t\t\t<td>Original photo negative taken for the Albanian fiction feature film &#8220;Kush Vdes N\u00eb K\u00ebmb\u00eb&#8221;. Director Vladimir Prifti&#8217;s color drama tells the true life story of the Albanian writer and scholar who defied the occupying Ottoman Turks in his teaching and promotion of the Albanian language.<\/td>\r\n\t\t\t\t\t\t\t\t<\/tr>\r\n\t\t\t\t\t\t\t\t<tr>\r\n\t\t\t\t\t\t\t\t\t<td class=\"has-text-align-right\" data-align=\"right\"><strong>Notes<\/strong><\/td>\r\n\t\t\t\t\t\t\t\t\t<td>One negative in good condition.<\/td>\r\n\t\t\t\t\t\t\t\t<\/tr>\r\n\t\t\t\t\t\t\t\t<tr>\r\n\t\t\t\t\t\t\t\t\t<td class=\"has-text-align-right\" data-align=\"right\"><strong>&copy; Copyright<\/strong><\/td>\r\n\t\t\t\t\t\t\t\t\t<td>Arkivi Qendror Shtet\u00ebror i Filmit<\/td>\r\n\t\t\t\t\t\t\t\t<\/tr>\r\n\t\t\t\t\t\t\t<\/tbody>\r\n\t\t\t\t\t\t<\/table>\r\n\t\t\t\t\t<\/figure>\r\n\t\t\t\t\r\n\t\t\t<\/div>\r\n\t\t\r\n\t<\/div>\r\n","protected":false},"excerpt":{"rendered":"<p>Click photo to enlarge. Reference Code aqshf_i3_0145_phn041 Title To Die Standing Author Kinostudio \u00abShqip\u00ebria e Re\u00bb Year 1984 Category Negative Photography Chroma n\/a Size (centimeters)&#8230;<\/p>\n","protected":false},"author":1,"featured_media":142443,"comment_status":"closed","ping_status":"open","template":"","meta":{"_jet_sm_ready_style":"","_jet_sm_style":"","_jet_sm_controls_values":"","_jet_sm_fonts_collection":"","_jet_sm_fonts_links":"","cybocfi_hide_featured_image":"","footnotes":""},"photograph-category":[2198],"photograph-chroma":[],"photograph-year":[807],"photograph-author":[1282],"photograph-tag":[],"photograph-id":[22344],"photograph-reference":[],"photograph-size":[10223],"photograph-abstract":[],"photograph-note":[],"photograph-subject":[],"photograph-epoch":[],"class_list":["post-158612","photograph","type-photograph","status-publish","has-post-thumbnail","hentry","photograph-category-negative-photography","photograph-year-807","photograph-author-kinostudio-shqiperia-e-re","photograph-id-aqshf_i3_0145_phn041","photograph-size-3-5-x-3-5"],"_links":{"self":[{"href":"https:\/\/aqshf.gov.al\/en\/wp-json\/wp\/v2\/photograph\/158612","targetHints":{"allow":["GET"]}}],"collection":[{"href":"https:\/\/aqshf.gov.al\/en\/wp-json\/wp\/v2\/photograph"}],"about":[{"href":"https:\/\/aqshf.gov.al\/en\/wp-json\/wp\/v2\/types\/photograph"}],"author":[{"embeddable":true,"href":"https:\/\/aqshf.gov.al\/en\/wp-json\/wp\/v2\/users\/1"}],"replies":[{"embeddable":true,"href":"https:\/\/aqshf.gov.al\/en\/wp-json\/wp\/v2\/comments?post=158612"}],"version-history":[{"count":0,"href":"https:\/\/aqshf.gov.al\/en\/wp-json\/wp\/v2\/photograph\/158612\/revisions"}],"wp:featuredmedia":[{"embeddable":true,"href":"https:\/\/aqshf.gov.al\/en\/wp-json\/wp\/v2\/media\/142443"}],"wp:attachment":[{"href":"https:\/\/aqshf.gov.al\/en\/wp-json\/wp\/v2\/media?parent=158612"}],"wp:term":[{"taxonomy":"photograph-category","embeddable":true,"href":"https:\/\/aqshf.gov.al\/en\/wp-json\/wp\/v2\/photograph-category?post=158612"},{"taxonomy":"photograph-chroma","embeddable":true,"href":"https:\/\/aqshf.gov.al\/en\/wp-json\/wp\/v2\/photograph-chroma?post=158612"},{"taxonomy":"photograph-year","embeddable":true,"href":"https:\/\/aqshf.gov.al\/en\/wp-json\/wp\/v2\/photograph-year?post=158612"},{"taxonomy":"photograph-author","embeddable":true,"href":"https:\/\/aqshf.gov.al\/en\/wp-json\/wp\/v2\/photograph-author?post=158612"},{"taxonomy":"photograph-tag","embeddable":true,"href":"https:\/\/aqshf.gov.al\/en\/wp-json\/wp\/v2\/photograph-tag?post=158612"},{"taxonomy":"photograph-id","embeddable":true,"href":"https:\/\/aqshf.gov.al\/en\/wp-json\/wp\/v2\/photograph-id?post=158612"},{"taxonomy":"photograph-reference","embeddable":true,"href":"https:\/\/aqshf.gov.al\/en\/wp-json\/wp\/v2\/photograph-reference?post=158612"},{"taxonomy":"photograph-size","embeddable":true,"href":"https:\/\/aqshf.gov.al\/en\/wp-json\/wp\/v2\/photograph-size?post=158612"},{"taxonomy":"photograph-abstract","embeddable":true,"href":"https:\/\/aqshf.gov.al\/en\/wp-json\/wp\/v2\/photograph-abstract?post=158612"},{"taxonomy":"photograph-note","embeddable":true,"href":"https:\/\/aqshf.gov.al\/en\/wp-json\/wp\/v2\/photograph-note?post=158612"},{"taxonomy":"photograph-subject","embeddable":true,"href":"https:\/\/aqshf.gov.al\/en\/wp-json\/wp\/v2\/photograph-subject?post=158612"},{"taxonomy":"photograph-epoch","embeddable":true,"href":"https:\/\/aqshf.gov.al\/en\/wp-json\/wp\/v2\/photograph-epoch?post=158612"}],"curies":[{"name":"wp","href":"https:\/\/api.w.org\/{rel}","templated":true}]}}

<link rel="stylesheet" type="text/css" href="https://aqshf.gov.al/wp-content/themes/loquet/includes/assets/css/photographs-table.css" />




	<div class="wp-block-columns is-layout-flex wp-container-core-columns-is-layout-9d6595d7 wp-block-columns-is-layout-flex">
		
			<div class="wp-block-column is-layout-flow wp-block-column-is-layout-flow" style="flex-basis:40%">
				
					<a class="fwdrel" href="https://aqshf.gov.al/wp-content/uploads/photographs_feature_film/w2/aqshf_i3_0145_phn041.f.w.jpg" data-title="To Die Standing" data-alt="Original photo negative taken for the Albanian fiction feature film "Kush Vdes Në Këmbë". Director Vladimir Prifti's color drama tells the true life story of the Albanian writer and scholar who defied the occupying Ottoman Turks in his teaching and promotion of the Albanian language.">
						<img decoding="async" src="https://aqshf.gov.al/wp-content/uploads/photographs_feature_film/w2/aqshf_i3_0145_phn041.f.w.jpg" />
					</a>
				
				
				
					<p class="has-text-align-center"><em>Click photo to enlarge.</em></p>
				
			</div>
		

		
			<div class="wp-block-column is-layout-flow wp-block-column-is-layout-flow" style="flex-basis:60%">
				
					<figure class="wp-block-table">
						<table id="photograhps_metadata" class="has-fixed-layout">
							<tbody>
								<tr>
									<td class="has-text-align-right" data-align="right"><strong>Reference Code</strong></td>
									<td>aqshf_i3_0145_phn041</td>
								</tr>
								<tr>
									<td class="has-text-align-right" data-align="right"><strong>Title</strong></td>
									<td>To Die Standing</td>
								</tr>
								<tr>
									<td class="has-text-align-right" data-align="right"><strong>Author</strong></td>
									<td>Kinostudio «Shqipëria e Re»</td>
								</tr>
								<tr>
									<td class="has-text-align-right" data-align="right"><strong>Year</strong></td>
									<td>1984</td>
								</tr>
								<tr>
									<td class="has-text-align-right" data-align="right"><strong>Category</strong></td>
									<td>Negative Photography</td>
								</tr>
								<tr>
									<td class="has-text-align-right" data-align="right"><strong>Chroma</strong></td>
									<td>n/a</td>
								</tr>
								<tr>
									<td class="has-text-align-right" data-align="right"><strong>Size (centimeters)</strong></td>
									<td>3.5 x 3.5</td>
								</tr>
								<tr>
									<td class="has-text-align-right" data-align="right"><strong>Abstract</strong></td>
									<td>Original photo negative taken for the Albanian fiction feature film &#8220;Kush Vdes Në Këmbë&#8221;. Director Vladimir Prifti&#8217;s color drama tells the true life story of the Albanian writer and scholar who defied the occupying Ottoman Turks in his teaching and promotion of the Albanian language.</td>
								</tr>
								<tr>
									<td class="has-text-align-right" data-align="right"><strong>Notes</strong></td>
									<td>One negative in good condition.</td>
								</tr>
								<tr>
									<td class="has-text-align-right" data-align="right"><strong>&copy; Copyright</strong></td>
									<td>Arkivi Qendror Shtetëror i Filmit</td>
								</tr>
							</tbody>
						</table>
					</figure>
				
			</div>
		
	</div>

<p>Click photo to enlarge. Reference Code aqshf_i3_0145_phn041 Title To Die Standing Author Kinostudio «Shqipëria e Re» Year 1984 Category Negative Photography Chroma n/a Size (centimeters)&#8230;</p>
