{"id":175453,"date":"2023-12-17T14:47:24","date_gmt":"2023-12-17T13:47:24","guid":{"rendered":"https:\/\/aqshf.gov.al\/motion_picture\/the-celebrations-of-socialist-albania\/"},"modified":"2026-04-12T22:06:06","modified_gmt":"2026-04-12T21:06:06","slug":"the-celebrations-of-socialist-albania","status":"publish","type":"motion_picture","link":"https:\/\/aqshf.gov.al\/en\/motion_picture\/the-celebrations-of-socialist-albania\/","title":{"rendered":"Socialist Albania Celebrates"},"content":{"rendered":"<link rel=\"stylesheet\" type=\"text\/css\" href=\"https:\/\/aqshf.gov.al\/wp-content\/themes\/loquet\/includes\/assets\/css\/motion_pictures-table.css\" \/>\n\n\n\t<div class=\"wp-block-columns is-layout-flex wp-container-core-columns-is-layout-9d6595d7 wp-block-columns-is-layout-flex\">\n\t\n\t\t\n\t\t\t<div class=\"wp-block-column is-layout-flow wp-block-column-is-layout-flow\" style=\"flex-basis:10%\"><\/div>\n\t\t\n\n\t\t\n\t\t\t<div class=\"wp-block-column is-layout-flow wp-block-column-is-layout-flow\" style=\"flex-basis:80%\">\n\t\t\t\n\t\t\t\t\n\t\t\t\t\t<figure class=\"wp-block-video\">\n\t\t\t\t\t\t<video controls src=\"https:\/\/aqshf.gov.al\/wp-content\/uploads\/I2-763.mp4\"><\/video>\n\t\t\t\t\t<\/figure>\n\t\t\t\t\n\t\t\t<\/div>\n\t\t\n\n\t\t\n\t\t\t<div class=\"wp-block-column is-layout-flow wp-block-column-is-layout-flow\" style=\"flex-basis:10%\"><\/div>\n\t\t\n\n\t<\/div>\n\n\n\n\t<figure class=\"wp-block-table\">\n\t\t<table id=\"motion_pictures_metadata\" class=\"has-fixed-layout\">\n\t\t\t<tbody>\n\t\t\t\t<tr>\n\t\t\t\t\t<td class=\"has-text-align-right\" data-align=\"right\"><strong>Reference Code<\/strong><\/td>\n\t\t\t\t\t<td>I\/2-763<\/td>\n\t\t\t\t<\/tr>\n\t\t\t\t<tr>\n\t\t\t\t\t<td class=\"has-text-align-right\" data-align=\"right\"><strong>Title<\/strong><\/td>\n\t\t\t\t\t<td>Socialist Albania Celebrates<\/td>\n\t\t\t\t<\/tr>\n\t\t\t\t<tr>\n\t\t\t\t\t<td class=\"has-text-align-right\" data-align=\"right\"><strong>Synopsis<\/strong><\/td>\n\t\t\t\t\t<td>Aerial views of Tirana. People fill the squares and streets, holding their children by the hand. Festive decorations are visible everywhere: November 29. View of the hall where the solemn meeting will be held. Comrade Enver Hoxha and other Party and state leaders are welcomed with applause: Haxhi Lleshi, Mehmet Shehu, Ramiz Alia, Spiro Koleka, Haki Toska, Kadri Hazbiu, Pali Miska, Lenka \u00c7uko, Vito Kapo. Various shots of the audience. The meeting is opened by Haxhi Lleshi, who gives the floor to Mehmet Shehu (sync). Views of the martyrs\u2019 cemetery. Paying homage are Ramiz Alia and Hekuran Isai. The memory of the fallen is honored. Foreign delegations and the diplomatic corps also pay their respects. The exhibition \u201cAlbania Today.\u201d Viewing the pavilions are Mehmet Shehu, Hekuran Isai, Lenka \u00c7uko, Haki Toska, Adil \u00c7ar\u00e7ani, Aleks Buda. At the People\u2019s Assembly, Adil \u00c7ar\u00e7ani and Hekuran Isai award workers the title \u201cHero of Socialist Labor,\u201d along with orders and decorations. The fine arts exhibition is inaugurated. Tefta Cami cuts the ribbon. Visiting the exhibition are Mehmet Shehu, Ramiz Alia, and Vito Kapo. The ceremony for awarding the Republic prizes. Present are Ramiz Alia, Spiro Koleka, Manush Myftiu, Aleks Buda. Ramiz Alia embraces Drit\u00ebro Agolli. Sander Prosi receives an award. Mehmet Shehu welcomes friends and admirers of our country, as well as foreign delegations. At the banquet are Enver Hoxha, Adil \u00c7ar\u00e7ani, and Haxhi Lleshi, who raise toasts. A festive concert is held. On the tribune is Enver Hoxha, greeted with cheers by the people. Veli Llakaj gives the command for the parade and presents the troops to Enver Hoxha. Kadri Hazbiu delivers the ceremonial speech (sync). Present are Ramiz Alia, Haxhi Lleshi, and Mehmet Shehu. Pioneers present flowers to Enver Hoxha. Former partisans march past. On the tribune are also Qirjako Mihali, Lenka \u00c7uko, Hekuran Isai, Spiro Koleka, Nexhmije Hoxha. Students of the \u201cEnver Hoxha\u201d united school and the \u201cMehmet Shehu\u201d military academy march past. Formations of female soldiers and Skanderbeg cadets parade. Military units, including the unit named \u201cFirst Assault Brigade,\u201d pass by. Units of the Internal Affairs organs, border guards, and the People\u2019s Police march. Airplanes fly overhead. Naval forces and people\u2019s defense forces parade. Military student youth. Vehicles with soldiers, signalers, and radio operators pass by. Artillery, cannons, and anti-aircraft units parade. Missiles and tanks pass by. Masses of the people march. Comrade Enver greets them. Cheers and enthusiastic chants. Dancers perform. The procession of workers continues. Enver Hoxha greets and applauds.<\/td>\n\t\t\t\t<\/tr>\n\t\t\t\t<tr>\n\t\t\t\t\t<td class=\"has-text-align-right\" data-align=\"right\"><strong>Awards<\/strong><\/td>\n\t\t\t\t\t<td><\/td>\n\t\t\t\t<\/tr>\n\t\t\t\t<tr>\n\t\t\t\t\t<td class=\"has-text-align-right\" data-align=\"right\"><strong>Screenwriter<\/strong><\/td>\n\t\t\t\t\t<td><\/td>\n\t\t\t\t<\/tr>\n\t\t\t\t<tr>\n\t\t\t\t\t<td class=\"has-text-align-right\" data-align=\"right\"><strong>Scriptwriter<\/strong><\/td>\n\t\t\t\t\t<td>Ilia Dede<\/td>\n\t\t\t\t<\/tr>\n\t\t\t\t<tr>\n\t\t\t\t\t<td class=\"has-text-align-right\" data-align=\"right\"><strong>Director<\/strong><\/td>\n\t\t\t\t\t<td>Shkelzen Shala<\/td>\n\t\t\t\t<\/tr>\n\t\t\t\t<tr>\n\t\t\t\t\t<td class=\"has-text-align-right\" data-align=\"right\"><strong>Music arrangement<\/strong><\/td>\n\t\t\t\t\t<td>Nina Andoni<\/td>\n\t\t\t\t<\/tr>\n\t\t\t\t<tr>\n\t\t\t\t\t<td class=\"has-text-align-right\" data-align=\"right\"><strong>Camera<\/strong><\/td>\n\t\t\t\t\t<td>Agim Fortuzi, Ferdinand Karuni, Ibrahim Kasapi, Ilia Terpini, Jovan Kondakci, Petraq Lubonja, Rakip Zeneli, Sokrat Musha<\/td>\n\t\t\t\t<\/tr>\n\t\t\t\t<tr>\n\t\t\t\t\t<td class=\"has-text-align-right\" data-align=\"right\"><strong>Designer<\/strong><\/td>\n\t\t\t\t\t<td><\/td>\n\t\t\t\t<\/tr>\n\t\t\t\t<tr>\n\t\t\t\t\t<td class=\"has-text-align-right\" data-align=\"right\"><strong>Editing<\/strong><\/td>\n\t\t\t\t\t<td>Elpiniqi Coja<\/td>\n\t\t\t\t<\/tr>\n\t\t\t\t<tr>\n\t\t\t\t\t<td class=\"has-text-align-right\" data-align=\"right\"><strong>Sound<\/strong><\/td>\n\t\t\t\t\t<td>Asim Raxhimi, Vangjel Leka<\/td>\n\t\t\t\t<\/tr>\n\t\t\t\t<tr>\n\t\t\t\t\t<td class=\"has-text-align-right\" data-align=\"right\"><strong>Category<\/strong><\/td>\n\t\t\t\t\t<td>Documentaries<\/td>\n\t\t\t\t<\/tr>\n\t\t\t\t<tr>\n\t\t\t\t\t<td class=\"has-text-align-right\" data-align=\"right\"><strong>Chroma<\/strong><\/td>\n\t\t\t\t\t<td>Color<\/td>\n\t\t\t\t<\/tr>\n\t\t\t\t<tr>\n\t\t\t\t\t<td class=\"has-text-align-right\" data-align=\"right\"><strong>Year<\/strong><\/td>\n\t\t\t\t\t<td>1980<\/td>\n\t\t\t\t<\/tr>\n\t\t\t\t<tr>\n\t\t\t\t\t<td class=\"has-text-align-right\" data-align=\"right\"><strong>Release date<\/strong><\/td>\n\t\t\t\t\t<td>1980<\/td>\n\t\t\t\t<\/tr>\n\t\t\t\t<tr>\n\t\t\t\t\t<td class=\"has-text-align-right\" data-align=\"right\"><strong>Reels<\/strong><\/td>\n\t\t\t\t\t<td>5<\/td>\n\t\t\t\t<\/tr>\n\t\t\t\t<tr>\n\t\t\t\t\t<td class=\"has-text-align-right\" data-align=\"right\"><strong>Lenght (in minutes)<\/strong><\/td>\n\t\t\t\t\t<td>41:22<\/td>\n\t\t\t\t<\/tr>\n\t\t\t\t<tr>\n\t\t\t\t\t<td class=\"has-text-align-right\" data-align=\"right\"><strong>Country of origin<\/strong><\/td>\n\t\t\t\t\t<td>Shqiperi<\/td>\n\t\t\t\t<\/tr>\n\t\t\t\t<tr>\n\t\t\t\t\t<td class=\"has-text-align-right\" data-align=\"right\"><strong>Shooting locations<\/strong><\/td>\n\t\t\t\t\t<td>Tirane<\/td>\n\t\t\t\t<\/tr>\n\t\t\t\t<tr>\n\t\t\t\t\t<td class=\"has-text-align-right\" data-align=\"right\"><strong>Producers<\/strong><\/td>\n\t\t\t\t\t<td>Kinostudio &#8220;Shqiperia e re&#8221;<\/td>\n\t\t\t\t<\/tr>\n\t\t\t\t<tr>\n\t\t\t\t\t<td class=\"has-text-align-right\" data-align=\"right\"><strong>Notes<\/strong><\/td>\n\t\t\t\t\t<td><\/td>\n\t\t\t\t<\/tr>\n\t\t\t\t<tr>\n\t\t\t\t\t<td class=\"has-text-align-right\" data-align=\"right\"><strong>&copy; Copyright<\/strong><\/td>\n\t\t\t\t\t<td>Arkivi Qendror Shtet\u00ebror i Filmit<\/td>\n\t\t\t\t<\/tr>\n\t\t\t<\/tbody>\n\t\t<\/table>\n\t<\/figure>\n","protected":false},"excerpt":{"rendered":"<p>Reference Code I\/2-763 Title Socialist Albania Celebrates Synopsis Aerial views of Tirana. People fill the squares and streets, holding their children by the hand. Festive&#8230;<\/p>\n","protected":false},"author":1,"featured_media":189658,"comment_status":"closed","ping_status":"open","template":"","meta":{"_jet_sm_ready_style":"","_jet_sm_style":"","_jet_sm_controls_values":"","_jet_sm_fonts_collection":"","_jet_sm_fonts_links":"","cybocfi_hide_featured_image":"","footnotes":""},"motion-picture-category":[143],"motion-picture-director":[13801,31741],"motion-picture-chroma":[151],"motion-picture-year":[573],"motion-picture-length":[30598],"motion-picture-screenwriter":[],"motion-picture-composer":[8441],"motion-picture-camera":[30599],"motion-picture-animator":[],"motion-picture-editing":[29490],"motion-picture-sound":[28833],"motion-picture-country":[13682],"motion-picture-reel":[13752],"motion-picture-producer":[13706],"motion-picture-scriptwriter":[29696],"motion-picture-designer":[],"motion-picture-tag":[],"class_list":["post-175453","motion_picture","type-motion_picture","status-publish","has-post-thumbnail","hentry","motion-picture-category-documentary-films","motion-picture-director-shkelzen-shala","motion-picture-director-shkelzen-shala-en","motion-picture-chroma-colour","motion-picture-year-573","motion-picture-length-37-7","motion-picture-composer-nina-harito","motion-picture-camera-agim-fortuzi-rakip-zeneli-sokrat-musha-ibrahim-kasapi-jovan-kondakci-ferdinand-koruni-p-lubonja","motion-picture-editing-elpiniqi-coja","motion-picture-sound-asim-raxhimi","motion-picture-country-shqiperi","motion-picture-reel-13752","motion-picture-producer-kinostudio-shqiperia-e-re","motion-picture-scriptwriter-ilia-dede"],"_links":{"self":[{"href":"https:\/\/aqshf.gov.al\/en\/wp-json\/wp\/v2\/motion_picture\/175453","targetHints":{"allow":["GET"]}}],"collection":[{"href":"https:\/\/aqshf.gov.al\/en\/wp-json\/wp\/v2\/motion_picture"}],"about":[{"href":"https:\/\/aqshf.gov.al\/en\/wp-json\/wp\/v2\/types\/motion_picture"}],"author":[{"embeddable":true,"href":"https:\/\/aqshf.gov.al\/en\/wp-json\/wp\/v2\/users\/1"}],"replies":[{"embeddable":true,"href":"https:\/\/aqshf.gov.al\/en\/wp-json\/wp\/v2\/comments?post=175453"}],"version-history":[{"count":2,"href":"https:\/\/aqshf.gov.al\/en\/wp-json\/wp\/v2\/motion_picture\/175453\/revisions"}],"predecessor-version":[{"id":189662,"href":"https:\/\/aqshf.gov.al\/en\/wp-json\/wp\/v2\/motion_picture\/175453\/revisions\/189662"}],"wp:featuredmedia":[{"embeddable":true,"href":"https:\/\/aqshf.gov.al\/en\/wp-json\/wp\/v2\/media\/189658"}],"wp:attachment":[{"href":"https:\/\/aqshf.gov.al\/en\/wp-json\/wp\/v2\/media?parent=175453"}],"wp:term":[{"taxonomy":"motion-picture-category","embeddable":true,"href":"https:\/\/aqshf.gov.al\/en\/wp-json\/wp\/v2\/motion-picture-category?post=175453"},{"taxonomy":"motion-picture-director","embeddable":true,"href":"https:\/\/aqshf.gov.al\/en\/wp-json\/wp\/v2\/motion-picture-director?post=175453"},{"taxonomy":"motion-picture-chroma","embeddable":true,"href":"https:\/\/aqshf.gov.al\/en\/wp-json\/wp\/v2\/motion-picture-chroma?post=175453"},{"taxonomy":"motion-picture-year","embeddable":true,"href":"https:\/\/aqshf.gov.al\/en\/wp-json\/wp\/v2\/motion-picture-year?post=175453"},{"taxonomy":"motion-picture-length","embeddable":true,"href":"https:\/\/aqshf.gov.al\/en\/wp-json\/wp\/v2\/motion-picture-length?post=175453"},{"taxonomy":"motion-picture-screenwriter","embeddable":true,"href":"https:\/\/aqshf.gov.al\/en\/wp-json\/wp\/v2\/motion-picture-screenwriter?post=175453"},{"taxonomy":"motion-picture-composer","embeddable":true,"href":"https:\/\/aqshf.gov.al\/en\/wp-json\/wp\/v2\/motion-picture-composer?post=175453"},{"taxonomy":"motion-picture-camera","embeddable":true,"href":"https:\/\/aqshf.gov.al\/en\/wp-json\/wp\/v2\/motion-picture-camera?post=175453"},{"taxonomy":"motion-picture-animator","embeddable":true,"href":"https:\/\/aqshf.gov.al\/en\/wp-json\/wp\/v2\/motion-picture-animator?post=175453"},{"taxonomy":"motion-picture-editing","embeddable":true,"href":"https:\/\/aqshf.gov.al\/en\/wp-json\/wp\/v2\/motion-picture-editing?post=175453"},{"taxonomy":"motion-picture-sound","embeddable":true,"href":"https:\/\/aqshf.gov.al\/en\/wp-json\/wp\/v2\/motion-picture-sound?post=175453"},{"taxonomy":"motion-picture-country","embeddable":true,"href":"https:\/\/aqshf.gov.al\/en\/wp-json\/wp\/v2\/motion-picture-country?post=175453"},{"taxonomy":"motion-picture-reel","embeddable":true,"href":"https:\/\/aqshf.gov.al\/en\/wp-json\/wp\/v2\/motion-picture-reel?post=175453"},{"taxonomy":"motion-picture-producer","embeddable":true,"href":"https:\/\/aqshf.gov.al\/en\/wp-json\/wp\/v2\/motion-picture-producer?post=175453"},{"taxonomy":"motion-picture-scriptwriter","embeddable":true,"href":"https:\/\/aqshf.gov.al\/en\/wp-json\/wp\/v2\/motion-picture-scriptwriter?post=175453"},{"taxonomy":"motion-picture-designer","embeddable":true,"href":"https:\/\/aqshf.gov.al\/en\/wp-json\/wp\/v2\/motion-picture-designer?post=175453"},{"taxonomy":"motion-picture-tag","embeddable":true,"href":"https:\/\/aqshf.gov.al\/en\/wp-json\/wp\/v2\/motion-picture-tag?post=175453"}],"curies":[{"name":"wp","href":"https:\/\/api.w.org\/{rel}","templated":true}]}}

<link rel="stylesheet" type="text/css" href="https://aqshf.gov.al/wp-content/themes/loquet/includes/assets/css/motion_pictures-table.css" />


	<div class="wp-block-columns is-layout-flex wp-container-core-columns-is-layout-9d6595d7 wp-block-columns-is-layout-flex">
	
		
			<div class="wp-block-column is-layout-flow wp-block-column-is-layout-flow" style="flex-basis:10%"></div>
		

		
			<div class="wp-block-column is-layout-flow wp-block-column-is-layout-flow" style="flex-basis:80%">
			
				
					<figure class="wp-block-video">
						<video controls src="https://aqshf.gov.al/wp-content/uploads/I2-763.mp4"></video>
					</figure>
				
			</div>
		

		
			<div class="wp-block-column is-layout-flow wp-block-column-is-layout-flow" style="flex-basis:10%"></div>
		

	</div>



	<figure class="wp-block-table">
		<table id="motion_pictures_metadata" class="has-fixed-layout">
			<tbody>
				<tr>
					<td class="has-text-align-right" data-align="right"><strong>Reference Code</strong></td>
					<td>I/2-763</td>
				</tr>
				<tr>
					<td class="has-text-align-right" data-align="right"><strong>Title</strong></td>
					<td>Socialist Albania Celebrates</td>
				</tr>
				<tr>
					<td class="has-text-align-right" data-align="right"><strong>Synopsis</strong></td>
					<td>Aerial views of Tirana. People fill the squares and streets, holding their children by the hand. Festive decorations are visible everywhere: November 29. View of the hall where the solemn meeting will be held. Comrade Enver Hoxha and other Party and state leaders are welcomed with applause: Haxhi Lleshi, Mehmet Shehu, Ramiz Alia, Spiro Koleka, Haki Toska, Kadri Hazbiu, Pali Miska, Lenka Çuko, Vito Kapo. Various shots of the audience. The meeting is opened by Haxhi Lleshi, who gives the floor to Mehmet Shehu (sync). Views of the martyrs’ cemetery. Paying homage are Ramiz Alia and Hekuran Isai. The memory of the fallen is honored. Foreign delegations and the diplomatic corps also pay their respects. The exhibition “Albania Today.” Viewing the pavilions are Mehmet Shehu, Hekuran Isai, Lenka Çuko, Haki Toska, Adil Çarçani, Aleks Buda. At the People’s Assembly, Adil Çarçani and Hekuran Isai award workers the title “Hero of Socialist Labor,” along with orders and decorations. The fine arts exhibition is inaugurated. Tefta Cami cuts the ribbon. Visiting the exhibition are Mehmet Shehu, Ramiz Alia, and Vito Kapo. The ceremony for awarding the Republic prizes. Present are Ramiz Alia, Spiro Koleka, Manush Myftiu, Aleks Buda. Ramiz Alia embraces Dritëro Agolli. Sander Prosi receives an award. Mehmet Shehu welcomes friends and admirers of our country, as well as foreign delegations. At the banquet are Enver Hoxha, Adil Çarçani, and Haxhi Lleshi, who raise toasts. A festive concert is held. On the tribune is Enver Hoxha, greeted with cheers by the people. Veli Llakaj gives the command for the parade and presents the troops to Enver Hoxha. Kadri Hazbiu delivers the ceremonial speech (sync). Present are Ramiz Alia, Haxhi Lleshi, and Mehmet Shehu. Pioneers present flowers to Enver Hoxha. Former partisans march past. On the tribune are also Qirjako Mihali, Lenka Çuko, Hekuran Isai, Spiro Koleka, Nexhmije Hoxha. Students of the “Enver Hoxha” united school and the “Mehmet Shehu” military academy march past. Formations of female soldiers and Skanderbeg cadets parade. Military units, including the unit named “First Assault Brigade,” pass by. Units of the Internal Affairs organs, border guards, and the People’s Police march. Airplanes fly overhead. Naval forces and people’s defense forces parade. Military student youth. Vehicles with soldiers, signalers, and radio operators pass by. Artillery, cannons, and anti-aircraft units parade. Missiles and tanks pass by. Masses of the people march. Comrade Enver greets them. Cheers and enthusiastic chants. Dancers perform. The procession of workers continues. Enver Hoxha greets and applauds.</td>
				</tr>
				<tr>
					<td class="has-text-align-right" data-align="right"><strong>Awards</strong></td>
					<td></td>
				</tr>
				<tr>
					<td class="has-text-align-right" data-align="right"><strong>Screenwriter</strong></td>
					<td></td>
				</tr>
				<tr>
					<td class="has-text-align-right" data-align="right"><strong>Scriptwriter</strong></td>
					<td>Ilia Dede</td>
				</tr>
				<tr>
					<td class="has-text-align-right" data-align="right"><strong>Director</strong></td>
					<td>Shkelzen Shala</td>
				</tr>
				<tr>
					<td class="has-text-align-right" data-align="right"><strong>Music arrangement</strong></td>
					<td>Nina Andoni</td>
				</tr>
				<tr>
					<td class="has-text-align-right" data-align="right"><strong>Camera</strong></td>
					<td>Agim Fortuzi, Ferdinand Karuni, Ibrahim Kasapi, Ilia Terpini, Jovan Kondakci, Petraq Lubonja, Rakip Zeneli, Sokrat Musha</td>
				</tr>
				<tr>
					<td class="has-text-align-right" data-align="right"><strong>Designer</strong></td>
					<td></td>
				</tr>
				<tr>
					<td class="has-text-align-right" data-align="right"><strong>Editing</strong></td>
					<td>Elpiniqi Coja</td>
				</tr>
				<tr>
					<td class="has-text-align-right" data-align="right"><strong>Sound</strong></td>
					<td>Asim Raxhimi, Vangjel Leka</td>
				</tr>
				<tr>
					<td class="has-text-align-right" data-align="right"><strong>Category</strong></td>
					<td>Documentaries</td>
				</tr>
				<tr>
					<td class="has-text-align-right" data-align="right"><strong>Chroma</strong></td>
					<td>Color</td>
				</tr>
				<tr>
					<td class="has-text-align-right" data-align="right"><strong>Year</strong></td>
					<td>1980</td>
				</tr>
				<tr>
					<td class="has-text-align-right" data-align="right"><strong>Release date</strong></td>
					<td>1980</td>
				</tr>
				<tr>
					<td class="has-text-align-right" data-align="right"><strong>Reels</strong></td>
					<td>5</td>
				</tr>
				<tr>
					<td class="has-text-align-right" data-align="right"><strong>Lenght (in minutes)</strong></td>
					<td>41:22</td>
				</tr>
				<tr>
					<td class="has-text-align-right" data-align="right"><strong>Country of origin</strong></td>
					<td>Shqiperi</td>
				</tr>
				<tr>
					<td class="has-text-align-right" data-align="right"><strong>Shooting locations</strong></td>
					<td>Tirane</td>
				</tr>
				<tr>
					<td class="has-text-align-right" data-align="right"><strong>Producers</strong></td>
					<td>Kinostudio &#8220;Shqiperia e re&#8221;</td>
				</tr>
				<tr>
					<td class="has-text-align-right" data-align="right"><strong>Notes</strong></td>
					<td></td>
				</tr>
				<tr>
					<td class="has-text-align-right" data-align="right"><strong>&copy; Copyright</strong></td>
					<td>Arkivi Qendror Shtetëror i Filmit</td>
				</tr>
			</tbody>
		</table>
	</figure>
