{"id":175405,"date":"2023-12-17T14:27:53","date_gmt":"2023-12-17T13:27:53","guid":{"rendered":"https:\/\/aqshf.gov.al\/motion_picture\/the-8-th-congress-of-womens-union-of-albania\/"},"modified":"2026-04-07T22:14:30","modified_gmt":"2026-04-07T21:14:30","slug":"the-8-th-congress-of-womens-union-of-albania","status":"publish","type":"motion_picture","link":"https:\/\/aqshf.gov.al\/en\/motion_picture\/the-8-th-congress-of-womens-union-of-albania\/","title":{"rendered":"The 8-th Congress of the Women&#8217;s Union of Albania"},"content":{"rendered":"<link rel=\"stylesheet\" type=\"text\/css\" href=\"https:\/\/aqshf.gov.al\/wp-content\/themes\/loquet\/includes\/assets\/css\/motion_pictures-table.css\" \/>\n\n\n\t<div class=\"wp-block-columns is-layout-flex wp-container-core-columns-is-layout-9d6595d7 wp-block-columns-is-layout-flex\">\n\t\n\t\t\n\t\t\t<div class=\"wp-block-column is-layout-flow wp-block-column-is-layout-flow\" style=\"flex-basis:10%\"><\/div>\n\t\t\n\n\t\t\n\t\t\t<div class=\"wp-block-column is-layout-flow wp-block-column-is-layout-flow\" style=\"flex-basis:80%\">\n\t\t\t\n\t\t\t\t\n\t\t\t\t\t<figure class=\"wp-block-video\">\n\t\t\t\t\t\t<video controls src=\"https:\/\/aqshf.gov.al\/wp-content\/uploads\/I2-715.mp4\"><\/video>\n\t\t\t\t\t<\/figure>\n\t\t\t\t\n\t\t\t<\/div>\n\t\t\n\n\t\t\n\t\t\t<div class=\"wp-block-column is-layout-flow wp-block-column-is-layout-flow\" style=\"flex-basis:10%\"><\/div>\n\t\t\n\n\t<\/div>\n\n\n\n\t<figure class=\"wp-block-table\">\n\t\t<table id=\"motion_pictures_metadata\" class=\"has-fixed-layout\">\n\t\t\t<tbody>\n\t\t\t\t<tr>\n\t\t\t\t\t<td class=\"has-text-align-right\" data-align=\"right\"><strong>Reference Code<\/strong><\/td>\n\t\t\t\t\t<td>I\/2-715<\/td>\n\t\t\t\t<\/tr>\n\t\t\t\t<tr>\n\t\t\t\t\t<td class=\"has-text-align-right\" data-align=\"right\"><strong>Title<\/strong><\/td>\n\t\t\t\t\t<td>The 8-th Congress of the Women&#8217;s Union of Albania<\/td>\n\t\t\t\t<\/tr>\n\t\t\t\t<tr>\n\t\t\t\t\t<td class=\"has-text-align-right\" data-align=\"right\"><strong>Synopsis<\/strong><\/td>\n\t\t\t\t\t<td>On the occasion of the congress in Durr\u00ebs, several inaugurations take place. Scenes from the inauguration of the first 5-ton electric winch, the inauguration of the first Albanian 100-ton passenger ship, with delegates traveling on it. The inauguration of two new lines at the radio factory, the printed circuit line and the transformers line. Present are Mehmet Shehu, Hysni Kapo, Adil \u00c7ar\u00e7ani, Kadri Hazbiu, Lenka \u00c7uko, Manush Myftiu, Rita Marko, Prokop Murra, Pali Miska, Llambi Gegprifti and the congress delegates. Listening to the discussions are Hekuran Isai and Qirjako Mihali. Foreign delegates also take part in discussions. The pioneers greet the congress (synchronous sound). Receptions are held in the homes of Durr\u00ebs residents, with N\u00ebn\u00eb Pashku speaking with the host family. The congress proceedings continue. Kadri Hazbiu reads the greeting of the Party\u2019s Central Committee (synchronous). Applauding are seen Drit\u00ebro Agolli and Ismail Kadare. On the occasion of June 1st, in Rinia Park, children perform concerts; the Party leaders come to meet them, dancing and enjoying together with the children. The congress discussions continue. Xhanfise Keko speaks. Tefta Shehu, delegate from the \u201cTraktori\u201d factory, discusses, with scenes from factory work. Bedrie Duraku, delegate from Kuk\u00ebs, presents aspects of cooperative work; Ollga Paguna from Dropull, Dituri Dina from the metallurgical plant, with scenes of women working in metallurgy. Themie Thomai presents work in the fields. Haxhire Dervishi from the \u201cStalin\u201d textile combine shows aspects of work in the combine. Ollga Ko\u00e7i, delegate from Fierza, presents work there. Military delegate Ilirjana Sulkuqi discusses aspects of training for women and girls. Enver Hoxha meets the speakers one by one. A folk rhapsodist greets the congress. As Enver Hoxha departs, he meets foreign delegates. The winners of socialist competitions are announced. Vito Kapo speaks on behalf of the newly elected Central Council. Scenes from the grand concert organized on the occasion of the congress\u2019s closing follow, attended by Mehmet Shehu, Hysni Kapo, Vito Kapo, Nexhmije Hoxha. Performances include Zeliha Sina, Va\u00e7e Zela, and the children\u2019s choir.<\/td>\n\t\t\t\t<\/tr>\n\t\t\t\t<tr>\n\t\t\t\t\t<td class=\"has-text-align-right\" data-align=\"right\"><strong>Awards<\/strong><\/td>\n\t\t\t\t\t<td><\/td>\n\t\t\t\t<\/tr>\n\t\t\t\t<tr>\n\t\t\t\t\t<td class=\"has-text-align-right\" data-align=\"right\"><strong>Screenwriter<\/strong><\/td>\n\t\t\t\t\t<td>Angjelina  Xhara<\/td>\n\t\t\t\t<\/tr>\n\t\t\t\t<tr>\n\t\t\t\t\t<td class=\"has-text-align-right\" data-align=\"right\"><strong>Scriptwriter<\/strong><\/td>\n\t\t\t\t\t<td><\/td>\n\t\t\t\t<\/tr>\n\t\t\t\t<tr>\n\t\t\t\t\t<td class=\"has-text-align-right\" data-align=\"right\"><strong>Director<\/strong><\/td>\n\t\t\t\t\t<td>Marianthi Xhako<\/td>\n\t\t\t\t<\/tr>\n\t\t\t\t<tr>\n\t\t\t\t\t<td class=\"has-text-align-right\" data-align=\"right\"><strong>Music Arrangement<\/strong><\/td>\n\t\t\t\t\t<td>Mira Mecule, Elda Budini<\/td>\n\t\t\t\t<\/tr>\n\t\t\t\t<tr>\n\t\t\t\t\t<td class=\"has-text-align-right\" data-align=\"right\"><strong>Camera<\/strong><\/td>\n\t\t\t\t\t<td>Agim Fortuzi, Ilia Terpini, Jovan Kondakci, Niko Theodhosi, Rakip Zeneli, Sokrat Musha<\/td>\n\t\t\t\t<\/tr>\n\t\t\t\t<tr>\n\t\t\t\t\t<td class=\"has-text-align-right\" data-align=\"right\"><strong>Designer<\/strong><\/td>\n\t\t\t\t\t<td><\/td>\n\t\t\t\t<\/tr>\n\t\t\t\t<tr>\n\t\t\t\t\t<td class=\"has-text-align-right\" data-align=\"right\"><strong>Editing<\/strong><\/td>\n\t\t\t\t\t<td>Shpresa Papapavllo<\/td>\n\t\t\t\t<\/tr>\n\t\t\t\t<tr>\n\t\t\t\t\t<td class=\"has-text-align-right\" data-align=\"right\"><strong>Sound<\/strong><\/td>\n\t\t\t\t\t<td>Xhavit Behri, Lirim Mulosmani<\/td>\n\t\t\t\t<\/tr>\n\t\t\t\t<tr>\n\t\t\t\t\t<td class=\"has-text-align-right\" data-align=\"right\"><strong>Category<\/strong><\/td>\n\t\t\t\t\t<td>Documentaries<\/td>\n\t\t\t\t<\/tr>\n\t\t\t\t<tr>\n\t\t\t\t\t<td class=\"has-text-align-right\" data-align=\"right\"><strong>Chroma<\/strong><\/td>\n\t\t\t\t\t<td>Color<\/td>\n\t\t\t\t<\/tr>\n\t\t\t\t<tr>\n\t\t\t\t\t<td class=\"has-text-align-right\" data-align=\"right\"><strong>Year<\/strong><\/td>\n\t\t\t\t\t<td>1978<\/td>\n\t\t\t\t<\/tr>\n\t\t\t\t<tr>\n\t\t\t\t\t<td class=\"has-text-align-right\" data-align=\"right\"><strong>Release date<\/strong><\/td>\n\t\t\t\t\t<td>1978<\/td>\n\t\t\t\t<\/tr>\n\t\t\t\t<tr>\n\t\t\t\t\t<td class=\"has-text-align-right\" data-align=\"right\"><strong>Reels<\/strong><\/td>\n\t\t\t\t\t<td>6<\/td>\n\t\t\t\t<\/tr>\n\t\t\t\t<tr>\n\t\t\t\t\t<td class=\"has-text-align-right\" data-align=\"right\"><strong>Length (in minutes)<\/strong><\/td>\n\t\t\t\t\t<td>55<\/td>\n\t\t\t\t<\/tr>\n\t\t\t\t<tr>\n\t\t\t\t\t<td class=\"has-text-align-right\" data-align=\"right\"><strong>Country of origin<\/strong><\/td>\n\t\t\t\t\t<td>Shqiperi<\/td>\n\t\t\t\t<\/tr>\n\t\t\t\t<tr>\n\t\t\t\t\t<td class=\"has-text-align-right\" data-align=\"right\"><strong>Shooting locations<\/strong><\/td>\n\t\t\t\t\t<td>Durres<\/td>\n\t\t\t\t<\/tr>\n\t\t\t\t<tr>\n\t\t\t\t\t<td class=\"has-text-align-right\" data-align=\"right\"><strong>Producers<\/strong><\/td>\n\t\t\t\t\t<td>Kinostudio &#8220;Shqiperia e re&#8221;<\/td>\n\t\t\t\t<\/tr>\n\t\t\t\t<tr>\n\t\t\t\t\t<td class=\"has-text-align-right\" data-align=\"right\"><strong>Notes<\/strong><\/td>\n\t\t\t\t\t<td><\/td>\n\t\t\t\t<\/tr>\n\t\t\t\t<tr>\n\t\t\t\t\t<td class=\"has-text-align-right\" data-align=\"right\"><strong>&copy; Copyright<\/strong><\/td>\n\t\t\t\t\t<td>Arkivi Qendror Shtet\u00ebror i Filmit<\/td>\n\t\t\t\t<\/tr>\n\t\t\t<\/tbody>\n\t\t<\/table>\n\t<\/figure>\n","protected":false},"excerpt":{"rendered":"<p>Reference Code I\/2-715 Title The 8-th Congress of the Women&#8217;s Union of Albania Synopsis On the occasion of the congress in Durr\u00ebs, several inaugurations take&#8230;<\/p>\n","protected":false},"author":1,"featured_media":189427,"comment_status":"closed","ping_status":"open","template":"","meta":{"_jet_sm_ready_style":"","_jet_sm_style":"","_jet_sm_controls_values":"","_jet_sm_fonts_collection":"","_jet_sm_fonts_links":"","cybocfi_hide_featured_image":"","footnotes":""},"motion-picture-category":[143],"motion-picture-director":[13831,31717],"motion-picture-chroma":[151],"motion-picture-year":[571],"motion-picture-length":[30521],"motion-picture-screenwriter":[30222],"motion-picture-composer":[8376],"motion-picture-camera":[30522],"motion-picture-animator":[],"motion-picture-editing":[8321],"motion-picture-sound":[29057],"motion-picture-country":[13682],"motion-picture-reel":[13840],"motion-picture-producer":[13706],"motion-picture-scriptwriter":[],"motion-picture-designer":[],"motion-picture-tag":[],"class_list":["post-175405","motion_picture","type-motion_picture","status-publish","has-post-thumbnail","hentry","motion-picture-category-documentary-films","motion-picture-director-marianthi-xhako-qemo","motion-picture-director-marianthi-xhako-qemo-en","motion-picture-chroma-colour","motion-picture-year-571","motion-picture-length-3-61","motion-picture-screenwriter-angjelina-xhara","motion-picture-composer-mira-mecule","motion-picture-camera-agim-fortuzi-ilia-terpini-jani-kondakci-niko-theodhosi-rakip-zeneli-sokrat-musha","motion-picture-editing-shpresa-papapavllo","motion-picture-sound-xhavit-behri","motion-picture-country-shqiperi","motion-picture-reel-13840","motion-picture-producer-kinostudio-shqiperia-e-re"],"_links":{"self":[{"href":"https:\/\/aqshf.gov.al\/en\/wp-json\/wp\/v2\/motion_picture\/175405","targetHints":{"allow":["GET"]}}],"collection":[{"href":"https:\/\/aqshf.gov.al\/en\/wp-json\/wp\/v2\/motion_picture"}],"about":[{"href":"https:\/\/aqshf.gov.al\/en\/wp-json\/wp\/v2\/types\/motion_picture"}],"author":[{"embeddable":true,"href":"https:\/\/aqshf.gov.al\/en\/wp-json\/wp\/v2\/users\/1"}],"replies":[{"embeddable":true,"href":"https:\/\/aqshf.gov.al\/en\/wp-json\/wp\/v2\/comments?post=175405"}],"version-history":[{"count":1,"href":"https:\/\/aqshf.gov.al\/en\/wp-json\/wp\/v2\/motion_picture\/175405\/revisions"}],"predecessor-version":[{"id":189435,"href":"https:\/\/aqshf.gov.al\/en\/wp-json\/wp\/v2\/motion_picture\/175405\/revisions\/189435"}],"wp:featuredmedia":[{"embeddable":true,"href":"https:\/\/aqshf.gov.al\/en\/wp-json\/wp\/v2\/media\/189427"}],"wp:attachment":[{"href":"https:\/\/aqshf.gov.al\/en\/wp-json\/wp\/v2\/media?parent=175405"}],"wp:term":[{"taxonomy":"motion-picture-category","embeddable":true,"href":"https:\/\/aqshf.gov.al\/en\/wp-json\/wp\/v2\/motion-picture-category?post=175405"},{"taxonomy":"motion-picture-director","embeddable":true,"href":"https:\/\/aqshf.gov.al\/en\/wp-json\/wp\/v2\/motion-picture-director?post=175405"},{"taxonomy":"motion-picture-chroma","embeddable":true,"href":"https:\/\/aqshf.gov.al\/en\/wp-json\/wp\/v2\/motion-picture-chroma?post=175405"},{"taxonomy":"motion-picture-year","embeddable":true,"href":"https:\/\/aqshf.gov.al\/en\/wp-json\/wp\/v2\/motion-picture-year?post=175405"},{"taxonomy":"motion-picture-length","embeddable":true,"href":"https:\/\/aqshf.gov.al\/en\/wp-json\/wp\/v2\/motion-picture-length?post=175405"},{"taxonomy":"motion-picture-screenwriter","embeddable":true,"href":"https:\/\/aqshf.gov.al\/en\/wp-json\/wp\/v2\/motion-picture-screenwriter?post=175405"},{"taxonomy":"motion-picture-composer","embeddable":true,"href":"https:\/\/aqshf.gov.al\/en\/wp-json\/wp\/v2\/motion-picture-composer?post=175405"},{"taxonomy":"motion-picture-camera","embeddable":true,"href":"https:\/\/aqshf.gov.al\/en\/wp-json\/wp\/v2\/motion-picture-camera?post=175405"},{"taxonomy":"motion-picture-animator","embeddable":true,"href":"https:\/\/aqshf.gov.al\/en\/wp-json\/wp\/v2\/motion-picture-animator?post=175405"},{"taxonomy":"motion-picture-editing","embeddable":true,"href":"https:\/\/aqshf.gov.al\/en\/wp-json\/wp\/v2\/motion-picture-editing?post=175405"},{"taxonomy":"motion-picture-sound","embeddable":true,"href":"https:\/\/aqshf.gov.al\/en\/wp-json\/wp\/v2\/motion-picture-sound?post=175405"},{"taxonomy":"motion-picture-country","embeddable":true,"href":"https:\/\/aqshf.gov.al\/en\/wp-json\/wp\/v2\/motion-picture-country?post=175405"},{"taxonomy":"motion-picture-reel","embeddable":true,"href":"https:\/\/aqshf.gov.al\/en\/wp-json\/wp\/v2\/motion-picture-reel?post=175405"},{"taxonomy":"motion-picture-producer","embeddable":true,"href":"https:\/\/aqshf.gov.al\/en\/wp-json\/wp\/v2\/motion-picture-producer?post=175405"},{"taxonomy":"motion-picture-scriptwriter","embeddable":true,"href":"https:\/\/aqshf.gov.al\/en\/wp-json\/wp\/v2\/motion-picture-scriptwriter?post=175405"},{"taxonomy":"motion-picture-designer","embeddable":true,"href":"https:\/\/aqshf.gov.al\/en\/wp-json\/wp\/v2\/motion-picture-designer?post=175405"},{"taxonomy":"motion-picture-tag","embeddable":true,"href":"https:\/\/aqshf.gov.al\/en\/wp-json\/wp\/v2\/motion-picture-tag?post=175405"}],"curies":[{"name":"wp","href":"https:\/\/api.w.org\/{rel}","templated":true}]}}

<link rel="stylesheet" type="text/css" href="https://aqshf.gov.al/wp-content/themes/loquet/includes/assets/css/motion_pictures-table.css" />


	<div class="wp-block-columns is-layout-flex wp-container-core-columns-is-layout-9d6595d7 wp-block-columns-is-layout-flex">
	
		
			<div class="wp-block-column is-layout-flow wp-block-column-is-layout-flow" style="flex-basis:10%"></div>
		

		
			<div class="wp-block-column is-layout-flow wp-block-column-is-layout-flow" style="flex-basis:80%">
			
				
					<figure class="wp-block-video">
						<video controls src="https://aqshf.gov.al/wp-content/uploads/I2-715.mp4"></video>
					</figure>
				
			</div>
		

		
			<div class="wp-block-column is-layout-flow wp-block-column-is-layout-flow" style="flex-basis:10%"></div>
		

	</div>



	<figure class="wp-block-table">
		<table id="motion_pictures_metadata" class="has-fixed-layout">
			<tbody>
				<tr>
					<td class="has-text-align-right" data-align="right"><strong>Reference Code</strong></td>
					<td>I/2-715</td>
				</tr>
				<tr>
					<td class="has-text-align-right" data-align="right"><strong>Title</strong></td>
					<td>The 8-th Congress of the Women&#8217;s Union of Albania</td>
				</tr>
				<tr>
					<td class="has-text-align-right" data-align="right"><strong>Synopsis</strong></td>
					<td>On the occasion of the congress in Durrës, several inaugurations take place. Scenes from the inauguration of the first 5-ton electric winch, the inauguration of the first Albanian 100-ton passenger ship, with delegates traveling on it. The inauguration of two new lines at the radio factory, the printed circuit line and the transformers line. Present are Mehmet Shehu, Hysni Kapo, Adil Çarçani, Kadri Hazbiu, Lenka Çuko, Manush Myftiu, Rita Marko, Prokop Murra, Pali Miska, Llambi Gegprifti and the congress delegates. Listening to the discussions are Hekuran Isai and Qirjako Mihali. Foreign delegates also take part in discussions. The pioneers greet the congress (synchronous sound). Receptions are held in the homes of Durrës residents, with Nënë Pashku speaking with the host family. The congress proceedings continue. Kadri Hazbiu reads the greeting of the Party’s Central Committee (synchronous). Applauding are seen Dritëro Agolli and Ismail Kadare. On the occasion of June 1st, in Rinia Park, children perform concerts; the Party leaders come to meet them, dancing and enjoying together with the children. The congress discussions continue. Xhanfise Keko speaks. Tefta Shehu, delegate from the “Traktori” factory, discusses, with scenes from factory work. Bedrie Duraku, delegate from Kukës, presents aspects of cooperative work; Ollga Paguna from Dropull, Dituri Dina from the metallurgical plant, with scenes of women working in metallurgy. Themie Thomai presents work in the fields. Haxhire Dervishi from the “Stalin” textile combine shows aspects of work in the combine. Ollga Koçi, delegate from Fierza, presents work there. Military delegate Ilirjana Sulkuqi discusses aspects of training for women and girls. Enver Hoxha meets the speakers one by one. A folk rhapsodist greets the congress. As Enver Hoxha departs, he meets foreign delegates. The winners of socialist competitions are announced. Vito Kapo speaks on behalf of the newly elected Central Council. Scenes from the grand concert organized on the occasion of the congress’s closing follow, attended by Mehmet Shehu, Hysni Kapo, Vito Kapo, Nexhmije Hoxha. Performances include Zeliha Sina, Vaçe Zela, and the children’s choir.</td>
				</tr>
				<tr>
					<td class="has-text-align-right" data-align="right"><strong>Awards</strong></td>
					<td></td>
				</tr>
				<tr>
					<td class="has-text-align-right" data-align="right"><strong>Screenwriter</strong></td>
					<td>Angjelina  Xhara</td>
				</tr>
				<tr>
					<td class="has-text-align-right" data-align="right"><strong>Scriptwriter</strong></td>
					<td></td>
				</tr>
				<tr>
					<td class="has-text-align-right" data-align="right"><strong>Director</strong></td>
					<td>Marianthi Xhako</td>
				</tr>
				<tr>
					<td class="has-text-align-right" data-align="right"><strong>Music Arrangement</strong></td>
					<td>Mira Mecule, Elda Budini</td>
				</tr>
				<tr>
					<td class="has-text-align-right" data-align="right"><strong>Camera</strong></td>
					<td>Agim Fortuzi, Ilia Terpini, Jovan Kondakci, Niko Theodhosi, Rakip Zeneli, Sokrat Musha</td>
				</tr>
				<tr>
					<td class="has-text-align-right" data-align="right"><strong>Designer</strong></td>
					<td></td>
				</tr>
				<tr>
					<td class="has-text-align-right" data-align="right"><strong>Editing</strong></td>
					<td>Shpresa Papapavllo</td>
				</tr>
				<tr>
					<td class="has-text-align-right" data-align="right"><strong>Sound</strong></td>
					<td>Xhavit Behri, Lirim Mulosmani</td>
				</tr>
				<tr>
					<td class="has-text-align-right" data-align="right"><strong>Category</strong></td>
					<td>Documentaries</td>
				</tr>
				<tr>
					<td class="has-text-align-right" data-align="right"><strong>Chroma</strong></td>
					<td>Color</td>
				</tr>
				<tr>
					<td class="has-text-align-right" data-align="right"><strong>Year</strong></td>
					<td>1978</td>
				</tr>
				<tr>
					<td class="has-text-align-right" data-align="right"><strong>Release date</strong></td>
					<td>1978</td>
				</tr>
				<tr>
					<td class="has-text-align-right" data-align="right"><strong>Reels</strong></td>
					<td>6</td>
				</tr>
				<tr>
					<td class="has-text-align-right" data-align="right"><strong>Length (in minutes)</strong></td>
					<td>55</td>
				</tr>
				<tr>
					<td class="has-text-align-right" data-align="right"><strong>Country of origin</strong></td>
					<td>Shqiperi</td>
				</tr>
				<tr>
					<td class="has-text-align-right" data-align="right"><strong>Shooting locations</strong></td>
					<td>Durres</td>
				</tr>
				<tr>
					<td class="has-text-align-right" data-align="right"><strong>Producers</strong></td>
					<td>Kinostudio &#8220;Shqiperia e re&#8221;</td>
				</tr>
				<tr>
					<td class="has-text-align-right" data-align="right"><strong>Notes</strong></td>
					<td></td>
				</tr>
				<tr>
					<td class="has-text-align-right" data-align="right"><strong>&copy; Copyright</strong></td>
					<td>Arkivi Qendror Shtetëror i Filmit</td>
				</tr>
			</tbody>
		</table>
	</figure>

<p>Reference Code I/2-715 Title The 8-th Congress of the Women&#8217;s Union of Albania Synopsis On the occasion of the congress in Durrës, several inaugurations take&#8230;</p>
